be u(j). Let b(f) = -2*f**2 + f - 1. What is b(l)?
-7
Let m(t) = 0 + t**3 - 7*t**2 - 6*t + 2 - 2*t**3. Let v be m(-6). Let a(f) = -4*f - 3*f + 1 + 4*f + 0*f. What is a(v)?
-5
Suppose 5*g - 12 = g. Let t(q) be the first derivative of -q**5/20 + q**4/3 - q**3/3 + q**2/2 - 2*q - 2. Let n(b) be the first derivative of t(b). What is n(g)?
4
Let x be ((-9)/5)/(-3)*5. Suppose 5*r - 2*r - x*u = 18, -4*r + 3 = 3*u. Suppose r*g + 5 = -2*g. Let z(p) = 2*p. Calculate z(g).
-2
Let y(v) = -v**3 - 1. Let q(n) = -n**3 + n - 6. Let j(g) = -5*g**3 - g**2 + 5*g - 30. Let i(s) = 2*j(s) - 11*q(s). Let f(z) = i(z) + 6*y(z). Give f(-1).
4
Let p be -1*(-1 + 0 - -4). Let d(u) = 4*u**3 + 4*u**2 + 4*u. Let i(f) = 5*f**3 + 4*f**2 + 5*f - 1. Let k(s) = 4*d(s) - 3*i(s). Give k(p).
9
Let s(x) = x + 1. Let f(c) = -2*c**2 + 8*c + 1. Let n(z) = f(z) - 3*s(z). Let i(k) = k**2 + 2*k - 1. Let g be i(-2). Let v be (-3)/(-3) - g*2. What is n(v)?
-5
Let p(a) = 3*a**3 - 1. Let r(m) = m**2 - 2*m. Let t be r(3). Suppose -5*i + 4 = -2*q - t*i, -4*q - 2*i + 10 = 0. What is p(q)?
2
Let k(f) be the third derivative of -f**4/24 - 4*f**2 + 3*f. What is k(-6)?
6
Let w = -2 + 5. Suppose -w*y + 2*y = 5*r - 15, 0 = 2*r - 3*y - 6. Let q(a) be the first derivative of -a**4/4 + a**3 - 2*a**2 + 4*a - 1. Determine q(r).
-8
Let z(i) = 2 + 4*i - 4 - 14*i**2 - i + 13*i**2. Give z(-3).
-20
Let p = -2 - -4. Let q be 2/(-4)*-7*p. Suppose -3 - q = -2*b. Let d(o) = -o**2 + 4*o - 2. What is d(b)?
-7
Let h(m) be the second derivative of 0 + m + 1/2*m**3 + 0*m**2 + 1/120*m**5 + 1/8*m**4. Let b(w) be the second derivative of h(w). What is b(-5)?
-2
Let i = 13 + -9. Suppose -k - 24 = -0*k + 4*d, i*k + 6 = 2*d. Let m(h) = 3*h + 5. Determine m(k).
-7
Let x(d) be the first derivative of -2*d**2 + 44. What is x(1)?
-4
Let y(f) = f**3 - 5*f**2 - 6*f + 2. Let u(j) = j**3 + 6*j**2 + 6. Suppose 16 = -3*k - 2. Let l be u(k). Determine y(l).
2
Let l(j) = j**3 + 6*j**2 + 4*j + 6. Let v = -17 - 8. Let w be (-3)/15 - (-120)/v. Calculate l(w).
11
Let t be 6/(-8) + 9/(-4). Let y be 1 - (t + (-1 - -2)). Let z(p) = 2*p - p + 0*p + 3. Determine z(y).
6
Let o(u) = -2*u**3 - 9*u**2 + u + 7. Let x(q) = q**3 + 5*q**2 - q - 4. Let k(y) = 3*o(y) + 5*x(y). What is k(-2)?
5
Suppose -4*f - f = -2*h - 48, f = -h + 11. Let z = f - 9. Let c(w) = w + 1. Give c(z).
2
Suppose 5*b - 38 - 7 = 0. Let l(k) = 2*k - 13. What is l(b)?
5
Let s(t) = t**2 - t - 1. Let k = 32 - 33. Determine s(k).
1
Suppose 2*k - 4 = 6*k. Let u(o) = -o**3 + o**2 + o + 1. Let l be u(k). Let q(y) = -3*y + y + l + y. Calculate q(2).
0
Let l(n) = n**2 + 7*n + 8. Suppose -s = 3*s + 60. Let b = 8 + s. Calculate l(b).
8
Let u(h) be the first derivative of -2 + 0*h + 0*h**4 - 2/3*h**3 + 0*h**2 + 1/30*h**5. Let p(f) be the third derivative of u(f). What is p(-1)?
-4
Suppose 3*h + 6 = h. Let x be -3 - (h - (-1 + 1)). Let q(s) = -1 + 3*s - 3*s**2 + x*s + 0*s + 4*s**2. Give q(-5).
9
Let b(t) = -t - 2. Let s be (-2)/4*(2 + -2). Suppose 0 = v - 2 - s. Let h = 3 + v. Calculate b(h).
-7
Let j = 6 + -10. Let x(v) = v**2 + 3*v. Calculate x(j).
4
Let l(x) = x**3 - 3*x + 2 - 2*x**3 + x**2 - 5*x**2. What is l(-3)?
2
Suppose 5*v + b = 15, 0*v - 3*b + 7 = -4*v. Suppose 9*p = 4*p + v*d + 11, -2*p - 4*d = -14. Let i(n) = -n - 2. Give i(p).
-5
Let q = 44 - 41. Let i(p) be the second derivative of 1/6*p**4 + 0 - 1/6*p**q + p - p**2. Calculate i(2).
4
Let i(s) = s**2 + s - 1. Let v(p) = p**2 - 3*p + 2. Let d(x) = x. Let b(y) = 2*d(y) + v(y). Let a be b(2). Let w be (-10)/2 + a + -2. Determine i(w).
5
Let t = 6 - 3. Suppose 12 = -0*l + t*l, -l - 12 = 4*u. Let a(o) = o + 8. Give a(u).
4
Let f(m) be the third derivative of -5*m**4/12 - 4*m**2. Calculate f(-1).
10
Let k(p) = -5*p**2 - 2*p - 1. Suppose 0 = d + 3*d + 4. Determine k(d).
-4
Let f(i) be the first derivative of -3 - i - 4/3*i**3 + 0*i**2. What is f(-1)?
-5
Let j(p) = -p**3 + 4*p**2 + 2*p + 7. Suppose 3 = -4*v - 4*z - 1, -6 = 3*z. Let h = 6 - v. Give j(h).
-8
Suppose 2*a = -0*a + 12. Let j(t) = -3*t + 12. Let s be j(a). Let q(y) = y**3 + 6*y**2 - y - 3. What is q(s)?
3
Let w(g) be the second derivative of -g**3/3 + g**2 + 26*g. Calculate w(-3).
8
Suppose 0 = -2*x - 4*j - 6, -4*x - 6 = -2*x - 5*j. Let k(n) = -3*n - 3. Let h be k(x). Let l(z) = -z + 13 - 13 + z**3 - h*z**2. Give l(6).
-6
Let c(t) be the third derivative of -1/6*t**3 + 0*t - t**2 + 1/8*t**4 + 1/20*t**5 + 0 - 1/120*t**6. Let o be 28/2*(46/14 + -3). Calculate c(o).
-5
Suppose 5*v + 6 = -19. Let u(d) be the second derivative of d**2 + 0*d**3 + 0 + 5/12*d**4 + 1/20*d**5 - 3*d. Give u(v).
2
Suppose 8*j = j. Let v(s) be the first derivative of -s**4/4 + s**2/2 + 11*s + 2. Calculate v(j).
11
Let n(l) = -l**3 + 9*l**2 + 2 + l + 0 - 4*l**2. Calculate n(5).
7
Let y(z) = -z**3 + z**2 - 9*z - 5. Let p(b) = -2*b**3 + b**2 - 17*b - 9. Let k(g) = -6*p(g) + 11*y(g). Determine k(-4).
3
Let k be (-13)/(-4) + 2/(-8). Suppose -4 = g - k*a - 2, -3 = -2*g - a. Let p(z) = -z - 1. Determine p(g).
-2
Let o = 2/241 - -1193/1446. Let z(w) be the second derivative of w - o*w**3 + 0 + 0*w**2. What is z(-1)?
5
Let z = -2 + -6. Let x be -1*(-4)/z*-4. Let v(t) = -t + 0*t**3 + 2*t**3 - 3*t + 3 - t**2. What is v(x)?
7
Let b(g) be the second derivative of 1/6*g**3 + 1/2*g**2 + 0 - 3*g + 1/12*g**4. Give b(-2).
3
Let g = -1 + 6. Let i(o) = -2*o**3 - 2*o**2 + 6*o - 3. Let t(h) = h**3 + h**2 - 3*h + 1. Let r(l) = g*t(l) + 2*i(l). Determine r(-2).
1
Let i(l) = -6*l + 1. Let g(p) = -3*p + 11. Let s be g(4). Give i(s).
7
Let f(r) = r - 2. Let h = -6 - -6. Suppose 0*z - 4*z - 20 = h. Calculate f(z).
-7
Suppose -2*k = -z + 8, 11 = 5*z + 3*k - 16. Let v(g) = g**2 - 4*g - 6. Determine v(z).
6
Let v(d) = -3 + 4 - 2 - d**2. Let p(w) = 4*w**3 - 2*w**2 - 3*w - 5 + 2*w - 3*w**2. Let r(s) = p(s) - 5*v(s). Determine r(-1).
-3
Let d(t) = -t**2 + t. Let p = -14 + 14. Give d(p).
0
Suppose 0*m + 23 = -3*n - m, n - 5*m - 19 = 0. Let p(r) = r + 4. Determine p(n).
-2
Let l(w) = 2*w - 5. Suppose -4*v + 29 = 1. Suppose 0 = -5*t + 13 + v. Give l(t).
3
Let v be -2 + 0*(-3)/12. Let b(s) = -s**3 - 2*s**2 + 3*s + 1. Calculate b(v).
-5
Let a(o) = -14 + 2*o - 2 + 0*o + 13. Calculate a(-5).
-13
Suppose -2*x + 21 = x. Suppose -3*n + x - 1 = 0. Suppose 3*j + 5*a + 12 = 0, -5*j + n*a = -a - 14. Let k(f) = -9*f**3 - 2*f**2 + f. What is k(j)?
-10
Let b(n) = 5*n + 9. Let l(t) = 7*t + 9. Let u(a) = 3*b(a) - 2*l(a). Determine u(-7).
2
Let a = -10 + 7. Let x(k) be the second derivative of -k**3 - 2*k**2 - k + 6. Determine x(a).
14
Let v = 25 - 5. Suppose -3*y + v = y. Let x(w) = -2*w**3 + 0*w**3 + 5 + 5*w**3 - 5*w**2 - 2*w**3. Give x(y).
5
Let o(a) = -a + a**2 - 2*a**2 - a. Let y(u) = u**2 - 9*u + 20. Let l be y(6). Calculate o(l).
-8
Let r(j) = -j**3 + 9*j**2 - 8*j + 4. Let v be r(8). Let n(l) = l**2 - 7*l + 6. Determine n(v).
-6
Let l(z) = -2*z + 1. Let j be l(4). Let s be 2/j + (-20)/28. Let a = s + 1. Let i(g) = g**3 - g**2 + 2. Determine i(a).
2
Let d(m) be the first derivative of -m**4/4 + m**3/3 - 2*m - 3. Let p be 1/(2/6)*1. Let k be (1/(-2))/(p/(-12)). Determine d(k).
-6
Let c(f) = -f + 3. Let k(t) = -3*t + 5. Let x(q) = 1. Let v(g) = -k(g) - 3*x(g). Let r(n) = -11*c(n) - 4*v(n). Let w(u) = -u + 1. Let z be w(0). Calculate r(z).
-2
Let w(j) = -6*j**2 + 1. Let x be (-3 + 3 - -2) + -3. Give w(x).
-5
Let s(p) = 4*p**2 + p - 1. Let w(t) = 17*t**2 + 5*t - 4. Let z(y) = 9*s(y) - 2*w(y). Let f(m) be the first derivative of z(m). Give f(2).
7
Let m(w) be the third derivative of w**6/120 + w**5/10 + w**4/4 + 5*w**3/6 + 5*w**2. Determine m(-5).
0
Let z(w) = w**3 - 3*w**2 - 3*w + 3. Let d(g) = -g**2 - 10*g - 5. Let y be d(-9). Suppose 3*k - 5 = -y*o, -5*k + 7 + 3 = 5*o. What is z(k)?
-6
Let u = 7 + -1. Let a(c) = -c**3 + c**2 - 12*c - 12. Let q(z) = -2*z**3 + z**2 - 23*z - 23. Let m(w) = u*q(w) - 11*a(w). Let x be (2/4)/(5/(-40)). Give m(x).
2
Let p(b) = -b**2 - 5*b + 4. Let l be p(-6). Let z(r) = -37 - 36 - 2*r + 73. Calculate z(l).
4
Let k be (-13)/(-4) - (-8)/(-32). Let v(o) = 2*o - o - o**2 - 3*o**3 + 2*o**k. Suppose h + 2 = 4. Calculate v(h).
-10
Let a(u) = u**3 + 5*u**2 + 2*u. Let o(c) = -c**3 + 4*c**2 + 11*c + 3. Let h be o(6). Determine a(h).
12
Suppose -4*z + k = -8, -2 + 12 = 5*z + 4*k. Let q(l) = -l - 3*l + z*l. Calculate q(4).
-8
Let l(g) = -3